nder when 104850 is divided by 1049.
999
What is the remainder when 3849337 is divided by 962332?
9
What is the remainder when 24579396 is divided by 768106?
4
What is the remainder when 3008407 is divided by 1312?
1303
What is the remainder when 679313 is divided by 18?
11
Calculate the remainder when 117963346 is divided by 481.
20
Calculate the remainder when 142900149 is divided by 46.
45
Calculate the remainder when 1025343 is divided by 115.
3
What is the remainder when 1179285 is divided by 1776?
21
Calculate the remainder when 44233179 is divided by 22116581.
17
Calculate the remainder when 10658073 is divided by 55.
8
What is the remainder when 6077303 is divided by 244?
239
Calculate the remainder when 4736589 is divided by 168.
165
Calculate the remainder when 48779152 is divided by 20165.
17
Calculate the remainder when 40428095 is divided by 127937.
3
What is the remainder when 67401 is divided by 8341?
673
Calculate the remainder when 21484460 is divided by 816.
812
Calculate the remainder when 550075 is divided by 11.
9
Calculate the remainder when 20517803 is divided by 1665.
8
Calculate the remainder when 12395599 is divided by 19.
18
What is the remainder when 4782895 is divided by 40?
15
What is the remainder when 1127443 is divided by 28176?
403
Calculate the remainder when 484934 is divided by 8980.
14
What is the remainder when 112347467 is divided by 246376?
11
Calculate the remainder when 997062 is divided by 3280.
3222
Calculate the remainder when 684764 is divided by 901.
4
What is the remainder when 13062268 is divided by 164?
160
Calculate the remainder when 8813421 is divided by 881340.
21
What is the remainder when 274015 is divided by 675?
640
Calculate the remainder when 3283868 is divided by 3334.
3212
What is the remainder when 245343 is divided by 61331?
19
What is the remainder when 636874 is divided by 13550?
24
Calculate the remainder when 1170464 is divided by 4050.
14
Calculate the remainder when 10986317 is divided by 34.
33
What is the remainder when 84358 is divided by 7?
1
Calculate the remainder when 161363140 is divided by 666.
664
Calculate the remainder when 161611294 is divided by 224.
222
Calculate the remainder when 3555439 is divided by 94.
77
What is the remainder when 163919 is divided by 81715?
489
What is the remainder when 1338928 is divided by 187?
8
What is the remainder when 572880 is divided by 268?
164
Calculate the remainder when 21603450 is divided by 864138.
0
Calculate the remainder when 30268 is divided by 14883.
502
What is the remainder when 33074987 is divided by 26?
23
Calculate the remainder when 630682 is divided by 5484.
22
Calculate the remainder when 2499362 is divided by 4.
2
What is the remainder when 209625 is divided by 1466?
1453
What is the remainder when 170227 is divided by 537?
535
Calculate the remainder when 68308 is divided by 5783.
4695
Calculate the remainder when 66766 is divided by 1209.
271
Calculate the remainder when 36466484 is divided by 484.
472
What is the remainder when 107485 is divided by 869?
598
What is the remainder when 1532657 is divided by 153265?
7
Calculate the remainder when 2975798 is divided by 51.
50
Calculate the remainder when 1298232 is divided by 118019.
23
Calculate the remainder when 95789 is divided by 3825.
164
Calculate the remainder when 3383001 is divided by 1127661.
18
Calculate the remainder when 466278 is divided by 21189.
120
What is the remainder when 397950410 is divided by 79?
76
Calculate the remainder when 28167282 is divided by 226.
224
What is the remainder when 47306903 is divided by 108?
95
Calculate the remainder when 459128 is divided by 3849.
1097
What is the remainder when 95013070 is divided by 2952?
2950
What is the remainder when 736802 is divided by 80?
2
Calculate the remainder when 19651 is divided by 7.
2
What is the remainder when 72806 is divided by 72702?
104
Calculate the remainder when 17155613 is divided by 4288819.
337
What is the remainder when 41080421 is divided by 2722?
2719
Calculate the remainder when 173622 is divided by 268.
226
Calculate the remainder when 31344061 is divided by 111943.
21
What is the remainder when 836320 is divided by 3442?
3356
What is the remainder when 5607664 is divided by 2898?
34
Calculate the remainder when 418602 is divided by 1026.
1020
What is the remainder when 38027128 is divided by 1032?
1024
Calculate the remainder when 236289 is divided by 2685.
9
What is the remainder when 19353 is divided by 5867?
1752
Calculate the remainder when 824419 is divided by 7136.
3779
What is the remainder when 271937 is divided by 388?
337
What is the remainder when 4283297 is divided by 1427761?
14
Calculate the remainder when 12017173 is divided by 255.
43
What is the remainder when 55148747 is divided by 90?
77
What is the remainder when 4380150 is divided by 123?
120
Calculate the remainder when 702313 is divided by 127.
3
What is the remainder when 958796 is divided by 479365?
66
What is the remainder when 13197962 is divided by 1015227?
11
Calculate the remainder when 9456071 is divided by 54977.
27
What is the remainder when 758354 is divided by 94783?
90
What is the remainder when 1273777 is divided by 90983?
15
What is the remainder when 3457785 is divided by 2083?
5
What is the remainder when 19605041 is divided by 6534980?
101
Calculate the remainder when 1446781 is divided by 723377.
27
Calculate the remainder when 2803014 is divided by 215614.
32
Calculate the remainder when 54182535 is divided by 27091261.
13
Calculate the remainder when 247655 is divided by 3875.
3530
What is the remainder when 6742632 is divided by 481614?
36
What is the remainder when 314385 is divided by 14195?
2095
Calculate the remainder when 20314309 is divided by 1563.
1561
Calculate the remainder when 339245 is divided by 12082.
949
Calculate the remainder when 759406 is divided by 251721.
4243
What is the remainder when 744507 is divided by 100?
7
What is the remainder when 929709 is divided by 1728?
45
Calculate the remainder when 97777 is divided by 100.
77
Calculate the remainder when 229039138 is divided by 20.
18
Calculate the remainder when 427613 is divided by 12.
5
What is the remainder when 1697976 is divided by 1761?
372
What is the remainder when 1308326 is divided by 7741?
97
What is the remainder when 108632373 is divided by 4085?
4053
Calculate the remainder when 27909691 is divided by 108598.
5
Calculate the remainder when 933654 is divided by 43.
38
What is the remainder when 23478231 is divided by 543?
540
Calculate the remainder when 379006 is divided by 200.
6
What is the remainder when 27146 is divided by 658?
168
What is the remainder when 10432080 is divided by 13?
9
What is the remainder when 69290310 is divided by 572?
518
Calculate the remainder when 951537 is divided by 190307.
2
What is the remainder when 1521508 is divided by 42264?
4
What is the remainder when 51329 is divided by 198?
47
What is the remainder when 10246852 is divided by 1?
0
What is the remainder when 224977 is divided by 24996?
13
What is the remainder when 812496 is divided by 323?
151
Calculate the remainder when 45309 is divided by 34.
21
What is the remainder when 120145 is divided by 23938?
455
What is the remainder when 13125753 is divided by 325?
303
Calculate the remainder when 280863 is divided by 2194.
31
Calculate the remainder when 712078 is divided by 4422.
136
Calculate the remainder when 16244089 is divided by 235.
184
Calculate the remainder when 72120 is divided by 23933.
321
Calculate the remainder when 5749761 is divided by 379.
331
Calculate the remainder when 787998 is divided by 393996.
6
Calculate the remainder when 55033342 is divided by 864.
862
Calculate the remainder when 244766 is divided by 5439.
11
What is the remainder when 6552903 is divided by 1664?
71
What is the remainder when 276639 is divided by 523?
495
Calculate the remainder when 164975 is divided by 2012.
2003
Calculate the remainder when 96689 is divided by 18757.
2904
Calculate the remainder when 169178 is divided by 24131.
261
What is the remainder when 3831569 is divided by 20?
9
Calculate the remainder when 893776 is divided by 1231.
70
Calculate the remainder when 279666 is divide